 -2*n - 334 = -r*m, -m - 99 = n - 262. Calculate the greatest common factor of w and m.
33
Let n(y) = y + 26. Let g be n(-6). Suppose -4*q = -2*c - 38, 7*c + g = 3*c. What is the greatest common divisor of 1 and q?
1
Suppose -y = -5*z - 4*y - 4, -4*y - 14 = -2*z. Let u = -20 - -23. Let b be -1 - -6*6/u. Calculate the highest common factor of z and b.
1
Let h(q) = q**2 + 3*q + 4. Let w be h(-5). Let s(n) = 4*n - 23. Let i be s(w). What is the greatest common divisor of 11 and i?
11
Suppose -4*z - 114 = -5*l, -3*z - 35 = -2*l + 47. Let v = -24 - z. Suppose -v*p - 325 = -7*p. What is the highest common factor of p and 26?
13
Let j = 2928 - 2908. What is the greatest common factor of j and 3390?
10
Suppose -1515*u + 1522*u = 28063. Calculate the highest common factor of 633 and u.
211
Let c = -2905 + 2930. Let g(z) = -z**2 - 5*z - 1. Let t be g(-3). What is the greatest common divisor of c and t?
5
Let d(l) = 0*l**3 - 5*l**3 + 35 + 55*l - 2*l**3 + 0*l**3 + 9*l**3 + 56*l**2. Let p be d(-27). Calculate the highest common divisor of p and 4.
4
Let u = -37 - -49. Let n(k) = -25*k**3 + 2*k**2 + 3. Let j be n(2). Let h = -93 - j. What is the greatest common factor of h and u?
12
Let s = 2296 + 3206. What is the greatest common divisor of s and 42?
42
Let o = -28059 - -28167. Calculate the greatest common divisor of o and 228.
12
Suppose -2*i = -8, 2*i + 51 = 4*q - 181. Let y = -7541 + 7881. Calculate the highest common factor of q and y.
20
Suppose 2*g = t - 107 + 11, t - 68 = -5*g. Let r(n) = -116*n - 24. Let k be r(-2). Suppose 125*w - 151*w = -k. What is the highest common factor of w and t?
8
Suppose -75*g = -77*g + 4, 2*d + 5*g = 296. Calculate the greatest common factor of d and 6721.
143
Let u(h) = -h**3 + 11*h**2 - 29*h - 1. Let f be u(5). Suppose -6*q = f*l - 5*q - 211, -4*l + q + 205 = 0. Calculate the greatest common divisor of l and 28.
4
Let g be 16*6/48 - -396. What is the greatest common factor of 1393 and g?
199
Suppose -w - 6355 = -4*m, -11*w + 7*w - 1585 = -m. What is the highest common divisor of m and 5221?
227
Suppose -3327 = -5*f - 642. Suppose -20*p + 16*p + 513 = 5*v, 4*p - 3*v - f = 0. What is the highest common divisor of p and 220?
44
Let d(k) = k**3 - 19*k**2 + 38*k - 712. Let v be d(19). What is the highest common factor of 820 and v?
10
Let v be 234 - ((-444)/60 + 9)/((-6)/15). What is the greatest common divisor of 1218 and v?
14
Suppose 9*b + 216 = -27*b. Let l be (b - (6 - 285))/(4/12). Calculate the greatest common divisor of 63 and l.
63
Let k = -1446 - -1451. Let x(j) = -j**3 + 7*j**2 - 8*j - 1. Let u be x(k). Let a = 387 + -270. What is the highest common factor of a and u?
9
Suppose -5*r + 83 = 4*p + 1, -2*p - 5*r = -46. Let s(u) = 11*u - 54. Let i be s(6). What is the greatest common divisor of p and i?
6
Suppose 0 = 5*v - 5, -4*v = 9*m - 4*m - 1614. Let t(x) = 90*x - 3. Let u be t(1). Let b = u + -41. Calculate the highest common factor of m and b.
46
Let n(s) = 5*s**3 + 863*s**2 - 369*s - 17. Let v be n(-173). Calculate the highest common divisor of v and 56.
14
Let j = 1013 + -961. Suppose -2*k + 590 = -50. Suppose 0 = -56*b + j*b + k. Calculate the highest common factor of b and 40.
40
Suppose -4*a + 104 = x, 0 = -x - 951*a + 949*a + 90. Suppose 4 = 2*m, -2*h + 2*m = m - 74. Calculate the greatest common factor of h and x.
38
Let n(o) = 2*o**2 - 6*o. Let c be n(4). Suppose -s + 16 = 195. Let b = s + 243. What is the highest common factor of c and b?
8
Suppose n - u - 141 = 0, 5*n = 3*u + 254 + 449. Suppose -330 + 266 = -3*j - 4*d, -4*j = 2*d - 102. Calculate the highest common divisor of n and j.
28
Suppose 3*u = -7*z + 23, 4*z + 7*u = 9*u + 2. Calculate the greatest common factor of z and 399.
1
Let f be (-45)/2*(-25)/(1800/48). Calculate the highest common factor of f and 5700.
15
Suppose 8*k - 10*k = 870. Let y be (108/30)/((-6)/k). Calculate the highest common divisor of y and 29.
29
Suppose -20*x + 36*x - 146642 = -22*x. What is the greatest common factor of 17 and x?
17
Let q(w) = -w**2 + 6*w + 7. Let d be q(6). Suppose 83*k = 80*k - 3*v + 66, -5*v = -5. Calculate the highest common divisor of d and k.
7
Let z be 77 + (0 - 6)/(-6). Suppose -h - k + z = 0, 2*h = -h - 5*k + 240. Calculate the highest common factor of h and 90.
15
Let b be ((-2)/(-4))/(26/12168). Suppose -d + 76 = 2*p, 0*d + d = p + 70. Calculate the greatest common factor of b and d.
18
Suppose 4*l - 702 + 111 = -r, 3*l = -3*r + 1791. Suppose 4*s - 16 = 0, s + 281 = 4*a - r. What is the greatest common factor of a and 13?
13
Suppose -2*a + 1029 = w - 2921, 2 = -w. Calculate the greatest common divisor of a and 1064.
152
Let y = -533 + 817. Suppose 4*c + w = y, -3*c - 15*w = -11*w - 200. Calculate the greatest common factor of c and 32.
8
Let p = -1832 - -2534. What is the greatest common factor of 162 and p?
54
Let b(o) = -3*o + 1. Let l be b(-4). Suppose 44 = -z + 57. What is the highest common factor of l and z?
13
Let f(x) = x**2 - 28*x - 65. Suppose 0 = -2*y + 6*y - 124. Let p be f(y). What is the greatest common factor of p and 224?
28
Let p be (-2 + 1)*(-356*781/(-22))/(-2). What is the greatest common divisor of 356 and p?
89
Suppose 42*w - 113 = -29. Suppose 0*d = d - 4*j - 587, -1135 = -w*d - 5*j. Calculate the greatest common divisor of d and 23.
23
Let l(s) = -2*s**3 + 39*s**2 + 46*s + 30. Let w be l(21). Let t = w - -336. What is the greatest common divisor of t and 369?
9
Let o(d) = -24*d - 515 - 35*d + 516. Let u be o(-1). Let c(h) = 4*h - 4. Let l be c(4). What is the greatest common divisor of u and l?
12
Suppose 5*h - 29 - 26 = 0. Let w(x) = x**3 + 3*x**2 - 46*x - 47. Let b be w(6). Calculate the greatest common factor of h and b.
1
Let k be ((-13)/(-260)*-25)/((-2)/24). Let t be (2 + 0)/(10/25). What is the greatest common divisor of t and k?
5
Let z be 2 + -1 - (4 + -7). Let h be (-22 - 6/(-3))*(-4)/20. Suppose -2*d = 5*b - 12, 11 = -d + z*d + h*b. Calculate the highest common divisor of 3 and d.
1
Let n(i) = 856*i**2 - i. Let m be n(1). Suppose -2*w + 1345 = -m. Suppose g + w = 5*g. What is the greatest common factor of g and 25?
25
Let l = 23087 - 23007. Calculate the highest common divisor of l and 7712.
16
Let h be ((-25260)/24)/((-3)/36*6). What is the greatest common divisor of h and 30?
5
Let m = 138 - 13. Suppose 56*n - 9*n = 2350. Calculate the greatest common divisor of m and n.
25
Let c be ((-3)/2)/((-3)/56). Let w = -142 + c. Let k = w - -116. What is the greatest common divisor of 16 and k?
2
Suppose 4*b = 8*b - 12, -4*b = 5*u - 87. Suppose -3*y + 18 = u. Let s be ((-224)/(-21))/(y - (-1)/(-3)). What is the highest common factor of s and 2?
2
Let w = -12 + 16. Let z(d) = d + 1 + 2*d - w*d + 7. Let p be z(6). Calculate the highest common divisor of p and 1.
1
Let o = -174 - -678. Let v = -1661 + 1850. Calculate the highest common factor of v and o.
63
Let r(k) = -k**2 + 26*k - 17. Let h be r(19). Let w = 216 - h. Calculate the greatest common factor of 60 and w.
20
Let b(u) = 45*u**2 - u - 16. Let p be b(-4). Suppose 418 = 3*o + f, -5*o - 9*f + 13*f = -p. Calculate the greatest common divisor of o and 84.
28
Let r(u) = 30*u**2 + 19*u + 5. Let z be r(-2). What is the highest common factor of 258 and z?
3
Suppose 3*h + 4*n - 1955 = 0, -h - 2*n = -2*h + 665. Let m = h - 505. What is the greatest common factor of 8 and m?
8
Suppose 3*g = -q + 3 + 6, 110 = 5*q + 2*g. Let p = -895 - -937. Calculate the highest common divisor of p and q.
6
Let x(n) = -65*n - 1990. Let o be x(-38). Calculate the greatest common divisor of 160 and o.
160
Let k(g) = g**3 - g**2 + 20*g + 81. Let j be k(12). What is the highest common factor of j and 15?
15
Let u be -2*4/(-5) - 44528/(-920). Calculate the greatest common divisor of u and 58.
2
Suppose 5 + 5 = 5*i. Suppose -1052 + 1060 = 4*k. Suppose -72 = -i*x + k*g, 0*x - 116 = -3*x - 5*g. What is the highest common divisor of 74 and x?
37
Suppose 2*i - 59 = 1. Let z = -6 + i. Suppose -2*d = -5*h - z, 0 = -5*d - 0*d + 4*h + 60. Calculate the highest common divisor of d and 6.
6
Let x = 341 + -217. Let c(n) = -111*n - 884. Let t be c(-7). Let b = t + x. What is the greatest common divisor of b and 187?
17
Let a(k) be the second derivative of -5*k**3/6 + 16*k**2 + k. Let d be -17 + 22